[INFO] cloning repository https://github.com/xrisyz/pokedex_rs
[INFO] running `Command { std: "git" "-c" "credential.helper=" "-c" "credential.helper=/workspace/cargo-home/bin/git-credential-null" "clone" "--bare" "https://github.com/xrisyz/pokedex_rs" "/workspace/cache/git-repos/https%3A%2F%2Fgithub.com%2Fxrisyz%2Fpokedex_rs", kill_on_drop: false }`
[INFO] [stderr] Cloning into bare repository '/workspace/cache/git-repos/https%3A%2F%2Fgithub.com%2Fxrisyz%2Fpokedex_rs'...
[INFO] running `Command { std: "git" "rev-parse" "HEAD", kill_on_drop: false }`
[INFO] [stdout] 01e6038fd922148e4ba6cb1140e7524ffa094b47
[INFO] checking xrisyz/pokedex_rs against try#72f88fc4e9458f89516a0b8b0868f3718aec5b47 for pr-74989
[INFO] running `Command { std: "git" "clone" "/workspace/cache/git-repos/https%3A%2F%2Fgithub.com%2Fxrisyz%2Fpokedex_rs" "/workspace/builds/worker-10/source", kill_on_drop: false }`
[INFO] [stderr] Cloning into '/workspace/builds/worker-10/source'...
[INFO] [stderr] done.
[INFO] validating manifest of git repo https://github.com/xrisyz/pokedex_rs on toolchain 72f88fc4e9458f89516a0b8b0868f3718aec5b47
[INFO] running `Command { std: "/workspace/cargo-home/bin/cargo" "+72f88fc4e9458f89516a0b8b0868f3718aec5b47" "read-manifest" "--manifest-path" "Cargo.toml", kill_on_drop: false }`
[INFO] started tweaking git repo https://github.com/xrisyz/pokedex_rs
[INFO] finished tweaking git repo https://github.com/xrisyz/pokedex_rs
[INFO] tweaked toml for git repo https://github.com/xrisyz/pokedex_rs written to /workspace/builds/worker-10/source/Cargo.toml
[INFO] crate git repo https://github.com/xrisyz/pokedex_rs already has a lockfile, it will not be regenerated
[INFO] running `Command { std: "/workspace/cargo-home/bin/cargo" "+72f88fc4e9458f89516a0b8b0868f3718aec5b47" "fetch" "--locked" "--manifest-path" "Cargo.toml", kill_on_drop: false }`
[INFO] [stderr]  Downloading crates ...
[INFO] [stderr]   Downloaded wasm-bindgen-macro v0.2.58
[INFO] [stderr]   Downloaded wasm-bindgen-futures v0.4.8
[INFO] [stderr]   Downloaded indexmap v1.3.1
[INFO] [stderr]   Downloaded pin-project-internal v0.4.7
[INFO] [stderr]   Downloaded wasm-bindgen-macro-support v0.2.58
[INFO] [stderr]   Downloaded reqwest v0.10.1
[INFO] [stderr]   Downloaded wasm-bindgen-shared v0.2.58
[INFO] [stderr]   Downloaded wasm-bindgen-backend v0.2.58
[INFO] [stderr]   Downloaded wasm-bindgen-webidl v0.2.58
[INFO] [stderr]   Downloaded tokio v0.2.11
[INFO] [stderr]   Downloaded web-sys v0.3.35
[INFO] [stderr]   Downloaded serde_json v1.0.45
[INFO] [stderr]   Downloaded pin-project v0.4.7
[INFO] [stderr]   Downloaded tokio-macros v0.2.4
[INFO] [stderr]   Downloaded bumpalo v3.1.2
[INFO] [stderr]   Downloaded js-sys v0.3.35
[INFO] [stderr]   Downloaded wasm-bindgen v0.2.58
[INFO] running `Command { std: "docker" "create" "-v" "/var/lib/crater-agent-workspace/builds/worker-10/target:/opt/rustwide/target:rw,Z" "-v" "/var/lib/crater-agent-workspace/builds/worker-10/source:/opt/rustwide/workdir:ro,Z" "-v" "/var/lib/crater-agent-workspace/cargo-home:/opt/rustwide/cargo-home:ro,Z" "-v" "/var/lib/crater-agent-workspace/rustup-home:/opt/rustwide/rustup-home:ro,Z" "-e" "SOURCE_DIR=/opt/rustwide/workdir" "-e" "CARGO_TARGET_DIR=/opt/rustwide/target" "-e" "CARGO_HOME=/opt/rustwide/cargo-home" "-e" "RUSTUP_HOME=/opt/rustwide/rustup-home" "-w" "/opt/rustwide/workdir" "-m" "1610612736" "--user" "0:0" "--network" "none" "rustops/crates-build-env@sha256:d92eaeed33fa75130ca1ee6c8a01d1ffb62bac859dfdfb3450e3e5d1c0146529" "/opt/rustwide/cargo-home/bin/cargo" "+72f88fc4e9458f89516a0b8b0868f3718aec5b47" "metadata" "--no-deps" "--format-version=1", kill_on_drop: false }`
[INFO] [stdout] 8531d372d6d6253184929a5637ee1c3dccabada3e40685796ca88121fb5e3ed1
[INFO] [stderr] WARNING: Your kernel does not support swap limit capabilities or the cgroup is not mounted. Memory limited without swap.
[INFO] running `Command { std: "docker" "start" "-a" "8531d372d6d6253184929a5637ee1c3dccabada3e40685796ca88121fb5e3ed1", kill_on_drop: false }`
[INFO] running `Command { std: "docker" "inspect" "8531d372d6d6253184929a5637ee1c3dccabada3e40685796ca88121fb5e3ed1", kill_on_drop: false }`
[INFO] running `Command { std: "docker" "rm" "-f" "8531d372d6d6253184929a5637ee1c3dccabada3e40685796ca88121fb5e3ed1", kill_on_drop: false }`
[INFO] [stdout] 8531d372d6d6253184929a5637ee1c3dccabada3e40685796ca88121fb5e3ed1
[INFO] running `Command { std: "docker" "create" "-v" "/var/lib/crater-agent-workspace/builds/worker-10/target:/opt/rustwide/target:rw,Z" "-v" "/var/lib/crater-agent-workspace/builds/worker-10/source:/opt/rustwide/workdir:ro,Z" "-v" "/var/lib/crater-agent-workspace/cargo-home:/opt/rustwide/cargo-home:ro,Z" "-v" "/var/lib/crater-agent-workspace/rustup-home:/opt/rustwide/rustup-home:ro,Z" "-e" "SOURCE_DIR=/opt/rustwide/workdir" "-e" "CARGO_TARGET_DIR=/opt/rustwide/target" "-e" "CARGO_INCREMENTAL=0" "-e" "RUST_BACKTRACE=full" "-e" "RUSTFLAGS=--cap-lints=forbid" "-e" "CARGO_HOME=/opt/rustwide/cargo-home" "-e" "RUSTUP_HOME=/opt/rustwide/rustup-home" "-w" "/opt/rustwide/workdir" "-m" "1610612736" "--user" "0:0" "--network" "none" "rustops/crates-build-env@sha256:d92eaeed33fa75130ca1ee6c8a01d1ffb62bac859dfdfb3450e3e5d1c0146529" "/opt/rustwide/cargo-home/bin/cargo" "+72f88fc4e9458f89516a0b8b0868f3718aec5b47" "check" "--frozen" "--all" "--all-targets" "--message-format=json", kill_on_drop: false }`
[INFO] [stdout] f8048d0d24879f347032678c2c35cc4bcf7206d622c481bf8e3e1345e06b1965
[INFO] [stderr] WARNING: Your kernel does not support swap limit capabilities or the cgroup is not mounted. Memory limited without swap.
[INFO] running `Command { std: "docker" "start" "-a" "f8048d0d24879f347032678c2c35cc4bcf7206d622c481bf8e3e1345e06b1965", kill_on_drop: false }`
[INFO] [stderr]    Compiling unicode-xid v0.2.0
[INFO] [stderr]    Compiling syn v1.0.14
[INFO] [stderr]    Compiling libc v0.2.66
[INFO] [stderr]     Checking cfg-if v0.1.10
[INFO] [stderr]    Compiling log v0.4.8
[INFO] [stderr]    Compiling pkg-config v0.3.17
[INFO] [stderr]    Compiling cc v1.0.50
[INFO] [stderr]     Checking bytes v0.5.4
[INFO] [stderr]     Checking fnv v1.0.6
[INFO] [stderr]     Checking lazy_static v1.4.0
[INFO] [stderr]     Checking itoa v0.4.4
[INFO] [stderr]     Checking slab v0.4.2
[INFO] [stderr]    Compiling version_check v0.9.1
[INFO] [stderr]     Checking futures-core v0.3.1
[INFO] [stderr]    Compiling autocfg v1.0.0
[INFO] [stderr]    Compiling native-tls v0.2.3
[INFO] [stderr]     Checking futures-sink v0.3.1
[INFO] [stderr]     Checking futures-task v0.3.1
[INFO] [stderr]     Checking try-lock v0.2.2
[INFO] [stderr]    Compiling encoding_rs v0.8.22
[INFO] [stderr]    Compiling ryu v1.0.2
[INFO] [stderr]     Checking dtoa v0.4.4
[INFO] [stderr]     Checking base64 v0.11.0
[INFO] [stderr]     Checking unicode-normalization v0.1.12
[INFO] [stderr]     Checking futures-channel v0.3.1
[INFO] [stderr]    Compiling proc-macro2 v1.0.8
[INFO] [stderr]     Checking futures-util v0.3.1
[INFO] [stderr]     Checking want v0.3.0
[INFO] [stderr]     Checking http v0.2.0
[INFO] [stderr]    Compiling indexmap v1.3.1
[INFO] [stderr]    Compiling unicase v2.6.0
[INFO] [stderr]    Compiling quote v1.0.2
[INFO] [stderr]    Compiling openssl-sys v0.9.53
[INFO] [stderr]     Checking iovec v0.1.4
[INFO] [stderr]     Checking net2 v0.2.33
[INFO] [stderr]     Checking time v0.1.42
[INFO] [stderr]     Checking idna v0.2.0
[INFO] [stderr]    Compiling mime_guess v2.0.1
[INFO] [stderr]     Checking mio v0.6.21
[INFO] [stderr]    Compiling openssl v0.10.26
[INFO] [stderr]     Checking url v2.1.1
[INFO] [stderr]     Checking http-body v0.3.1
[INFO] [stderr]    Compiling tokio-macros v0.2.4
[INFO] [stderr]    Compiling serde_derive v1.0.104
[INFO] [stderr]    Compiling pin-project-internal v0.4.7
[INFO] [stderr]     Checking tokio v0.2.11
[INFO] [stderr]     Checking pin-project v0.4.7
[INFO] [stderr]     Checking tokio-util v0.2.0
[INFO] [stderr]     Checking tokio-tls v0.3.0
[INFO] [stderr]     Checking h2 v0.2.1
[INFO] [stderr]     Checking serde v1.0.104
[INFO] [stderr]     Checking hyper v0.13.1
[INFO] [stderr]     Checking serde_urlencoded v0.6.1
[INFO] [stderr]     Checking serde_json v1.0.45
[INFO] [stderr]     Checking hyper-tls v0.4.1
[INFO] [stderr]     Checking reqwest v0.10.1
[INFO] [stderr]     Checking pokedex_core v0.1.0 (/opt/rustwide/workdir)
[INFO] [stdout] warning: unused `#[macro_use]` import
[INFO] [stdout]  --> src/main.rs:1:1
[INFO] [stdout]   |
[INFO] [stdout] 1 | #[macro_use]
[INFO] [stdout]   | ^^^^^^^^^^^^
[INFO] [stdout]   |
[INFO] [stdout]   = note: `#[warn(unused_imports)]` on by default
[INFO] [stdout] 
[INFO] [stdout] 
[INFO] [stdout] warning: unused import: `std::fmt`
[INFO] [stdout]   --> src/main.rs:16:5
[INFO] [stdout]    |
[INFO] [stdout] 16 | use std::fmt;
[INFO] [stdout]    |     ^^^^^^^^
[INFO] [stdout] 
[INFO] [stdout] 
[INFO] [stdout] warning: unused import: `std::future::Future`
[INFO] [stdout]   --> src/main.rs:17:5
[INFO] [stdout]    |
[INFO] [stdout] 17 | use std::future::Future;
[INFO] [stdout]    |     ^^^^^^^^^^^^^^^^^^^
[INFO] [stdout] 
[INFO] [stdout] 
[INFO] [stdout] warning: unused import: `reqwest::Error`
[INFO] [stdout]   --> src/main.rs:19:5
[INFO] [stdout]    |
[INFO] [stdout] 19 | use reqwest::Error;
[INFO] [stdout]    |     ^^^^^^^^^^^^^^
[INFO] [stdout] 
[INFO] [stdout] 
[INFO] [stdout] warning: unused `#[macro_use]` import
[INFO] [stdout]  --> src/main.rs:1:1
[INFO] [stdout]   |
[INFO] [stdout] 1 | #[macro_use]
[INFO] [stdout]   | ^^^^^^^^^^^^
[INFO] [stdout]   |
[INFO] [stdout]   = note: `#[warn(unused_imports)]` on by default
[INFO] [stdout] 
[INFO] [stdout] 
[INFO] [stdout] warning: unused import: `std::fmt`
[INFO] [stdout]   --> src/main.rs:16:5
[INFO] [stdout]    |
[INFO] [stdout] 16 | use std::fmt;
[INFO] [stdout]    |     ^^^^^^^^
[INFO] [stdout] 
[INFO] [stdout] 
[INFO] [stdout] warning: unused import: `std::future::Future`
[INFO] [stdout]   --> src/main.rs:17:5
[INFO] [stdout]    |
[INFO] [stdout] 17 | use std::future::Future;
[INFO] [stdout]    |     ^^^^^^^^^^^^^^^^^^^
[INFO] [stdout] 
[INFO] [stdout] 
[INFO] [stdout] warning: unused import: `reqwest::Error`
[INFO] [stdout]   --> src/main.rs:19:5
[INFO] [stdout]    |
[INFO] [stdout] 19 | use reqwest::Error;
[INFO] [stdout]    |     ^^^^^^^^^^^^^^
[INFO] [stdout] 
[INFO] [stdout] 
[INFO] [stdout] warning: unused variable: `pokemon_count`
[INFO] [stdout]    --> src/main.rs:115:9
[INFO] [stdout]     |
[INFO] [stdout] 115 |     let pokemon_count = pokedex_response.pokemon_entries.iter().count();
[INFO] [stdout]     |         ^^^^^^^^^^^^^ help: if this is intentional, prefix it with an underscore: `_pokemon_count`
[INFO] [stdout]     |
[INFO] [stdout]     = note: `#[warn(unused_variables)]` on by default
[INFO] [stdout] 
[INFO] [stdout] 
[INFO] [stdout] warning: variable does not need to be mutable
[INFO] [stdout]   --> src/main.rs:92:20
[INFO] [stdout]    |
[INFO] [stdout] 92 |     fn get_entries(mut self) -> Vec<PokeDexEntries> {
[INFO] [stdout]    |                    ----^^^^
[INFO] [stdout]    |                    |
[INFO] [stdout]    |                    help: remove this `mut`
[INFO] [stdout]    |
[INFO] [stdout]    = note: `#[warn(unused_mut)]` on by default
[INFO] [stdout] 
[INFO] [stdout] 
[INFO] [stdout] warning: unused variable: `pokemon_count`
[INFO] [stdout]    --> src/main.rs:115:9
[INFO] [stdout]     |
[INFO] [stdout] 115 |     let pokemon_count = pokedex_response.pokemon_entries.iter().count();
[INFO] [stdout]     |         ^^^^^^^^^^^^^ help: if this is intentional, prefix it with an underscore: `_pokemon_count`
[INFO] [stdout]     |
[INFO] [stdout]     = note: `#[warn(unused_variables)]` on by default
[INFO] [stdout] 
[INFO] [stdout] 
[INFO] [stdout] warning: variable does not need to be mutable
[INFO] [stdout]   --> src/main.rs:96:28
[INFO] [stdout]    |
[INFO] [stdout] 96 |     fn check_entries_count(mut self) -> Result<Vec<PokeDexEntries>, PokeError> {
[INFO] [stdout]    |                            ----^^^^
[INFO] [stdout]    |                            |
[INFO] [stdout]    |                            help: remove this `mut`
[INFO] [stdout] 
[INFO] [stdout] 
[INFO] [stdout] error[E0382]: use of moved value: `self.pokemon_entries`
[INFO] [stdout]   --> src/main.rs:98:23
[INFO] [stdout]    |
[INFO] [stdout] 96 |     fn check_entries_count(mut self) -> Result<Vec<PokeDexEntries>, PokeError> {
[INFO] [stdout]    |                            -------- move occurs because `self` has type `PokeDexResponse`, which does not implement the `Copy` trait
[INFO] [stdout] 97 |         if self.get_entries().iter().count() > 0 {
[INFO] [stdout]    |                 ------------- `self` moved due to this method call
[INFO] [stdout] 98 |             return Ok(self.pokemon_entries)
[INFO] [stdout]    |                       ^^^^^^^^^^^^^^^^^^^^ value used here after move
[INFO] [stdout]    |
[INFO] [stdout] note: this function consumes the receiver `self` by taking ownership of it, which moves `self`
[INFO] [stdout]   --> src/main.rs:92:24
[INFO] [stdout]    |
[INFO] [stdout] 92 |     fn get_entries(mut self) -> Vec<PokeDexEntries> {
[INFO] [stdout]    |                        ^^^^
[INFO] [stdout] 
[INFO] [stdout] 
[INFO] [stdout] error[E0716]: temporary value dropped while borrowed
[INFO] [stdout]    --> src/main.rs:116:25
[INFO] [stdout]     |
[INFO] [stdout] 116 |       let pokemon_entry = pokedex_response
[INFO] [stdout]     |  _________________________^
[INFO] [stdout] 117 | |         .check_entries_count()
[INFO] [stdout] 118 | |         .unwrap()
[INFO] [stdout]     | |_________________^ creates a temporary which is freed while still in use
[INFO] [stdout] ...
[INFO] [stdout] 122 |           .unwrap();
[INFO] [stdout]     |                    - temporary value is freed at the end of this statement
[INFO] [stdout] ...
[INFO] [stdout] 125 |       println!("name: {} \n url: {}", pokemon_entry.pokemon_species.name, pokemon_entry.pokemon_species.url)
[INFO] [stdout]     |                                       ---------------------------------- borrow later used here
[INFO] [stdout]     |
[INFO] [stdout]     = note: consider using a `let` binding to create a longer lived value
[INFO] [stdout] 
[INFO] [stdout] 
[INFO] [stdout] warning: variable does not need to be mutable
[INFO] [stdout]   --> src/main.rs:92:20
[INFO] [stdout]    |
[INFO] [stdout] 92 |     fn get_entries(mut self) -> Vec<PokeDexEntries> {
[INFO] [stdout]    |                    ----^^^^
[INFO] [stdout]    |                    |
[INFO] [stdout]    |                    help: remove this `mut`
[INFO] [stdout]    |
[INFO] [stdout]    = note: `#[warn(unused_mut)]` on by default
[INFO] [stdout] 
[INFO] [stdout] 
[INFO] [stdout] error: aborting due to 2 previous errors; 7 warnings emitted
[INFO] [stdout] 
[INFO] [stdout] 
[INFO] [stdout] Some errors have detailed explanations: E0382, E0716.
[INFO] [stdout] 
[INFO] [stdout] For more information about an error, try `rustc --explain E0382`.
[INFO] [stdout] 
[INFO] [stderr] error: could not compile `pokedex_core`.
[INFO] [stderr] 
[INFO] [stderr] To learn more, run the command again with --verbose.
[INFO] [stderr] warning: build failed, waiting for other jobs to finish...
[INFO] [stdout] warning: variable does not need to be mutable
[INFO] [stdout]   --> src/main.rs:96:28
[INFO] [stdout]    |
[INFO] [stdout] 96 |     fn check_entries_count(mut self) -> Result<Vec<PokeDexEntries>, PokeError> {
[INFO] [stdout]    |                            ----^^^^
[INFO] [stdout]    |                            |
[INFO] [stdout]    |                            help: remove this `mut`
[INFO] [stdout] 
[INFO] [stdout] 
[INFO] [stdout] error[E0382]: use of moved value: `self.pokemon_entries`
[INFO] [stdout]   --> src/main.rs:98:23
[INFO] [stdout]    |
[INFO] [stdout] 96 |     fn check_entries_count(mut self) -> Result<Vec<PokeDexEntries>, PokeError> {
[INFO] [stdout]    |                            -------- move occurs because `self` has type `PokeDexResponse`, which does not implement the `Copy` trait
[INFO] [stdout] 97 |         if self.get_entries().iter().count() > 0 {
[INFO] [stdout]    |                 ------------- `self` moved due to this method call
[INFO] [stdout] 98 |             return Ok(self.pokemon_entries)
[INFO] [stdout]    |                       ^^^^^^^^^^^^^^^^^^^^ value used here after move
[INFO] [stdout]    |
[INFO] [stdout] note: this function consumes the receiver `self` by taking ownership of it, which moves `self`
[INFO] [stdout]   --> src/main.rs:92:24
[INFO] [stdout]    |
[INFO] [stdout] 92 |     fn get_entries(mut self) -> Vec<PokeDexEntries> {
[INFO] [stdout]    |                        ^^^^
[INFO] [stdout] 
[INFO] [stdout] 
[INFO] [stdout] error[E0716]: temporary value dropped while borrowed
[INFO] [stdout]    --> src/main.rs:116:25
[INFO] [stdout]     |
[INFO] [stdout] 116 |       let pokemon_entry = pokedex_response
[INFO] [stdout]     |  _________________________^
[INFO] [stdout] 117 | |         .check_entries_count()
[INFO] [stdout] 118 | |         .unwrap()
[INFO] [stdout]     | |_________________^ creates a temporary which is freed while still in use
[INFO] [stdout] ...
[INFO] [stdout] 122 |           .unwrap();
[INFO] [stdout]     |                    - temporary value is freed at the end of this statement
[INFO] [stdout] ...
[INFO] [stdout] 125 |       println!("name: {} \n url: {}", pokemon_entry.pokemon_species.name, pokemon_entry.pokemon_species.url)
[INFO] [stdout]     |                                       ---------------------------------- borrow later used here
[INFO] [stdout]     |
[INFO] [stdout]     = note: consider using a `let` binding to create a longer lived value
[INFO] [stdout] 
[INFO] [stdout] 
[INFO] [stdout] error: aborting due to 2 previous errors; 7 warnings emitted
[INFO] [stdout] 
[INFO] [stdout] 
[INFO] [stdout] Some errors have detailed explanations: E0382, E0716.
[INFO] [stdout] 
[INFO] [stdout] For more information about an error, try `rustc --explain E0382`.
[INFO] [stdout] 
[INFO] [stderr] error: build failed
[INFO] running `Command { std: "docker" "inspect" "f8048d0d24879f347032678c2c35cc4bcf7206d622c481bf8e3e1345e06b1965", kill_on_drop: false }`
[INFO] running `Command { std: "docker" "rm" "-f" "f8048d0d24879f347032678c2c35cc4bcf7206d622c481bf8e3e1345e06b1965", kill_on_drop: false }`
[INFO] [stdout] f8048d0d24879f347032678c2c35cc4bcf7206d622c481bf8e3e1345e06b1965
